 - 4*n(h). Suppose 29 = 4*i + 9. Determine y(i).
-5
Suppose -x = 4*v + 5, -2 + 12 = -2*x. Let s(t) = -7*t. Let d(b) = -7*b + 12*b + 6*b. Let u(m) = -5*d(m) - 8*s(m). Calculate u(v).
0
Let f = -1 + 3. Suppose f*l + 3 = -3. Let i(u) = 1 - 3*u**3 + 5*u**3 - u**3 - 2*u + 3*u**2. What is i(l)?
7
Let s(m) = m**3 + m**2 - m - 1. Let z(q) be the first derivative of q**4 - 2*q**3/3 + 2*q**2 + 2*q + 2. Let n(x) = 3*s(x) + z(x). Determine n(1).
8
Suppose 4*c + 4*q - 4 = 0, -4 - 7 = 4*c - q. Let i be c - -29 - (2 - 0). Suppose -6*f - i = -f. Let a(k) = -k + 3. What is a(f)?
8
Let v(w) = 5*w**3 + 11*w**2 - 5*w - 11. Let r(d) = -d**3 - 2*d**2 + d + 2. Let o(g) = -11*r(g) - 2*v(g). Determine o(2).
6
Suppose -5*f = -v - 27 + 7, -2*v + 35 = 5*f. Let i(w) = w**3 - 4*w**2 - 3*w - 7. Calculate i(v).
3
Suppose 4*c - 4*n = 16, 3*n + 18 = 4*c + n. Let m(s) = s - 4 + 3 + 1. What is m(c)?
5
Let a be 10/(((-2)/1)/(-1)). Let b(k) = 2*k + 2*k - a*k - 3 - 4*k. What is b(-2)?
7
Let i(q) be the third derivative of q**5/60 + 5*q**4/24 - 5*q**3/3 + 21*q**2 - 2. What is i(-7)?
4
Let l = 71 - 65. Let p(o) = o**3 - 6*o**2 + o + 6. Calculate p(l).
12
Suppose -5*k + 0*t - 81 = t, 0 = t - 4. Let h = k - -15. Let n(x) = 9*x + 3. Determine n(h).
-15
Let w(p) = p**2 + p - 18. Suppose -d - 3*d + 2*g = 4, 0 = 2*g - 4. Let t be -4 + d - (-8)/2. Calculate w(t).
-18
Let x be (-6)/5*(-40)/(-6). Let a(v) = -v**2 - 10*v - 12. Let s be a(x). Let l(j) = -j**3 + 3*j**2 + j + 4. Give l(s).
-8
Suppose 0 = 2*p + 2*p + 24. Let q be (-2)/3*p/4. Suppose 0*z = z - q. Let j(g) = -4*g - 1. What is j(z)?
-5
Suppose -i - 4*q = 3 + 27, 3*i + 50 = -4*q. Let j be i/35 - 26/7. Let a(c) = -c**3 - 3*c**2 + 4*c + 1. Determine a(j).
1
Let g be 3/(-2) - (-63)/2. Suppose 3*s - 3*k - k = g, 0 = 4*s + k - 21. Suppose s = -5*l + 2*j, -3*l + j - 4 + 1 = 0. Let a(f) = f**3 + f - 8. What is a(l)?
-8
Suppose 4*h = x + 14, -3*x + 2 = 2*h - 3*h. Suppose x*p - 6 + 8 = 0. Let a(d) = -9*d - 1. Determine a(p).
8
Let y(f) = f + 4. Let b = 4 + -4. Give y(b).
4
Let r(o) be the third derivative of -1/4*o**4 + o**3 + 0*o - 5*o**2 + 0 + 1/120*o**6 + 1/12*o**5. What is r(-6)?
6
Let z(p) = -4*p - 2. Let q be z(-2). Let m be ((-10)/(-3))/(4/q). Let w(c) = 2*c - 7. What is w(m)?
3
Let l(x) be the first derivative of -x**3/3 + 2*x**2 + 5*x - 3. Let k = 6 - 4. Suppose -k*u + 15 - 5 = 0. Calculate l(u).
0
Let v(k) = 5*k + 6 - 1 - 3*k + 4. Let t(b) = -b - 4. Let l(o) = -5*t(o) - 3*v(o). What is l(-5)?
-2
Let u(h) = -h**3 - 2*h**2 - 3*h. Suppose 0 = -2*w + 7*w. Suppose 2*r + 9 - 29 = w. Let k be (4/r)/(1/(-5)). Give u(k).
6
Let a(j) = 9*j**3 - j**2 + 1. Suppose -11*i + 2 = -9. What is a(i)?
9
Suppose 2*i = 2 + 4. Let r = 2 + -1. Let t(a) = -3 + 3*a - r - a**3 + i. Determine t(2).
-3
Let l(t) = -2*t + 3. Let d be (-2 + (-70)/(-25))*(-30)/(-4). Give l(d).
-9
Let o = 4 - 9. Let s be 1*3/(-9)*-12. Let r(n) = -1 + 3 + 5*n - s*n**2 - n**3 + 4. Determine r(o).
6
Let u(v) = v**2 - v - 1. Let f = 7 - 5. Suppose b - f*m + 7 = -5*m, -3*b - 11 = 4*m. Let l be (3/(-6))/(b/(-2)). What is u(l)?
1
Let z(x) = -1. Let o(c) = 7*c + 1. Let l(i) = o(i) - 2*z(i). Determine l(-2).
-11
Let n(g) = 2*g**3 - 2*g**2 - g. Suppose -p = -3*o - o + 13, -o + 7 = -4*p. Let u = o + -1. Suppose -b = -x - 4, u*x + 9 = -2*b + 3*b. Calculate n(b).
-3
Let h(t) = 2*t**2 + 2 + 4 - 5 - t. Let o be h(2). Let v(j) = 7*j + 1 - 5*j**2 - o*j. Calculate v(-1).
-4
Let p(h) = -3*h - 4. Suppose 3*k = 3*t + 4*k + 15, -4*k = 5*t + 32. Calculate p(t).
8
Let k(m) = -m**2 - 9*m + 2. Let j be k(-9). Let q(t) = -1 - 5*t + j*t + 4*t + 2. What is q(4)?
5
Suppose 4*c - 3*r = -0*c + 7, r - 7 = -c. Let p be 8*-2*1/c. Let z be (2/p)/((-2)/(-12)). Let u(j) = -j**3 - 4*j**2 - 3*j - 1. Give u(z).
-1
Let i(p) = -p + 6. Suppose l + 0 = -6. Let a be (l + 9)/((-6)/4). Let t = 2 + a. Determine i(t).
6
Let j(y) = y**2 + 2*y - 1. Let d be (1 + -6)*(-18)/45. Suppose -2*h + 4*p + 2 = 0, 6*p + 5 = h + d*p. Give j(h).
2
Let w(f) = -f**3 + 2*f**2 + 2*f - 3. Suppose 4*d = 3*r + 9, -3 = -d - 0. Let g = r + 5. Let l be (1/2 + 0)*g. What is w(l)?
-6
Let h(p) be the third derivative of p**4/24 + 4*p**3/3 - 2*p**2. Let m be h(-13). Let d(c) be the second derivative of -c**3/3 - c**2/2 + 2*c. Calculate d(m).
9
Let d(t) = t**2 - 8*t + 2. Let g be (26/(-6))/((-2)/6) - 4. What is d(g)?
11
Let i(f) be the second derivative of f**3 + 0 - 1/2*f**2 + 2*f. Suppose l = 2*g - 2*l - 13, -g - 5*l - 26 = 0. Calculate i(g).
-7
Let h(i) = -7*i**2 + 2*i. Let a(u) = -u**2 + u - 1. Let b(y) = -6*a(y) + h(y). What is b(-5)?
1
Suppose 0 = -3*j + 19 - 4. Let m(t) = 4*t**3 - 3*t**2 - 6*t + 5. Let r(l) = 3*l**3 - 3*l**2 - 5*l + 4. Let p(n) = j*r(n) - 4*m(n). Determine p(-2).
-2
Let r(h) be the first derivative of -h**4/4 - 2*h**3/3 - h**2/2 + h + 3. Calculate r(2).
-17
Let m(y) = -4 + 24*y**2 - 23*y**2 + y - 2*y. Calculate m(0).
-4
Let i(r) = -15*r**2 - 6*r - 5. Let o(h) = 44*h**2 + 17*h + 14. Let b(n) = 17*i(n) + 6*o(n). Determine b(1).
8
Let n(v) = 2*v + 3. Suppose -5*c - 3*j + 9 = -j, 5*j = 2*c + 8. Let d be c + -2 + 0 + 9. Suppose 3*r = r - d. Calculate n(r).
-5
Let v(q) = q - 1. Let g(u) = -4*u + 2. Suppose 4*l - l = 3. Let o(b) = l*g(b) + 5*v(b). Give o(-5).
-8
Let z be 28/16 - (-2)/8. Let n(f) = 3*f**2 + 2*f - 1. Determine n(z).
15
Let x(d) be the first derivative of d**4/4 - 2*d**3/3 - 2*d**2 + 2. Let u(c) = 2*c - 9. Let y be 46/8 + (-1)/(-4). Let r be u(y). Determine x(r).
-3
Let h(v) = v - 1. Let f(w) = -w + 2. Let i(q) = 3*f(q) + 2*h(q). Let j = -5 - -7. Determine i(j).
2
Let s(z) = -3 - 1 - 3*z - 3*z - z**2. Suppose 3*a - 11 = 2*a. Let v = a - 15. Calculate s(v).
4
Let s(h) be the first derivative of -1/2*h**2 - 2*h + 1/6*h**3 - 1/20*h**5 - 1/12*h**4 + 1. Let a(n) be the first derivative of s(n). What is a(0)?
-1
Let a(s) = 2*s**2 + 11*s - 24. Let b be a(-7). Let m(i) = -i**2 - i + 4. Give m(b).
-2
Let u(x) = -x**3 - 4*x**2 + 4*x - 6. Let o be u(-5). Let h(c) = -7*c**2 - c. What is h(o)?
-6
Let q(d) = d**3 + d - 1. Let k(w) = 0*w**2 + 4*w**2 - w**2 + 5*w + 4*w**3 - 2. Let u(f) = k(f) - 3*q(f). Let t = 5 + -7. Calculate u(t).
1
Let y(q) = q**3 - 8*q**2 - q + 8. Suppose 2*d = 2*a + 24, 3*d - a - 12 = -4*a. Calculate y(d).
0
Let g be (2/(-6))/((-2)/18). Let f(d) = d**2 - 2*d - 1. Calculate f(g).
2
Let w(q) be the third derivative of q**4/24 - q**3/6 + 3*q**2. Let d = 20 - -2. Suppose -2*x - t + 8 = 0, -3*x = -6*x - 4*t + d. What is w(x)?
1
Let i(k) = k**2 + 14*k + 28. Let t be i(-12). Let v(c) = -c + 4. Determine v(t).
0
Let y(s) = -2*s**2 - 5*s - 2. Let r = -2 + 9. Let w(f) = -f + 4. Let v be w(r). Determine y(v).
-5
Let j(p) = -13*p**3 - 4*p + 1. Let f(c) = 38*c**3 + c**2 + 13*c - 3. Let n(v) = 2*f(v) + 7*j(v). Calculate n(1).
-14
Let l(y) be the first derivative of -y**6/360 + y**5/60 + y**4/24 + 4*y**3/3 + 3. Let s(z) be the third derivative of l(z). Give s(-1).
-2
Let c be ((-21)/(-6) - 2)*6/3. Let m(x) = -x**2 + 2*x. Calculate m(c).
-3
Let a(q) = -q + 8. Let t be a(0). Let b be t - (1 - 0 - 0). Let f(j) = -3*j**2 - j**2 - b + 3*j + 0*j**2 - j**3. Give f(-5).
3
Suppose 0*c - 18 = -2*c. Suppose -5*w + 3*z + 13 = -26, 4*w = -5*z + 9. Let o be (6/c)/((-2)/w). Let h(x) = -x**2 - 2*x - 2. What is h(o)?
-2
Let f(m) = m**2 + 10*m + 10. Let s(q) be the third derivative of -q**4/24 + 5*q**3/6 + 2*q**2. Let v be s(13). Determine f(v).
-6
Let c be (12/20)/((-1)/(-5)). Let i(z) = 0*z**c + 3*z**2 + 3*z**3 - z**3. Calculate i(-2).
-4
Suppose 12 = l + 3*l. Suppose 3*i = -5*t - i - 24, l*t - 2*i = -10. Let n(y) = -y**3 - 5*y**2 - 3*y + 1. Determine n(t).
-3
Suppose 17 = 4*s + 4*r + 1, 3*s - 10 = -2*r. Let c be (3 - s)*(1 - -1). Let n(y) = y - 3. Calculate n(c).
-1
Let b(j) = -j + 1. Suppose -33 = 5*n - 8. What is b(n)?
6
Let p(i) = -4*i - 1. Suppose 0*d + 16 = -2*d + 2*s, -13 = -4*d - 5*s. Determine p(d).
11
Suppose 0 = 2*w + 4 - 6. Let i(y) be the second derivative of 5*y**3/6 - y**2/2 - 7*y. Determine i(w).
4
Let z(f) = -4*f**2 - 10*f + 2*f**3 + 1 + 5*f - 3 + 9*f. Let r(o) = 2*o - 3. Let m be r(4). Let k = m + -3. Give z(k).
6
Let v = 8 + -13. Suppose 4*w - 3*i = -3, -4*w - 3*i + 18 = -3*w. Let s(c) = 2*c + c**2 + 2*c - 9 + w. What is s(v)?
-1
Let q(n) be the second derivative of -1/3*n**3 + 1/2*n**2 + 0 - 8*n - 1/3*n**4 - 1/20*n**5. What is q(-2